or of 13601614 and 61984?
3874
What is the greatest common divisor of 105768124 and 75488?
9436
What is the highest common divisor of 3774068 and 8?
4
What is the highest common divisor of 376388025 and 65?
65
Calculate the greatest common divisor of 176 and 24409748.
44
Calculate the greatest common divisor of 71278518 and 10568.
2642
What is the greatest common factor of 195017758 and 1833?
611
What is the greatest common divisor of 38947522 and 7228?
278
What is the greatest common divisor of 859710 and 750?
30
Calculate the highest common divisor of 689068830 and 30.
30
Calculate the greatest common divisor of 2406741 and 1271.
41
Calculate the highest common factor of 149655 and 11143.
11
What is the highest common factor of 6025728 and 33792?
1536
Calculate the greatest common factor of 75498615 and 306.
153
What is the highest common divisor of 4446795 and 28520?
155
What is the greatest common divisor of 17119572 and 2010?
402
Calculate the greatest common factor of 8366 and 507389.
89
Calculate the greatest common factor of 7408 and 828307.
463
What is the greatest common divisor of 203665 and 79646?
7
Calculate the highest common divisor of 1911 and 2824068.
39
What is the highest common divisor of 598424098 and 6518?
6518
What is the highest common factor of 830 and 11926340?
10
What is the greatest common factor of 5244975 and 225?
225
Calculate the highest common divisor of 398197536 and 384.
96
What is the highest common factor of 77773056 and 8?
8
What is the greatest common divisor of 779 and 108750737?
779
Calculate the highest common divisor of 3785744121 and 2019.
2019
Calculate the highest common divisor of 152615755 and 79.
79
What is the greatest common divisor of 900 and 23715180?
180
What is the greatest common factor of 31196586 and 129?
129
What is the highest common factor of 1350204 and 948?
12
Calculate the greatest common divisor of 530049 and 1443.
39
What is the highest common factor of 401401 and 45773?
91
Calculate the highest common factor of 72 and 21962646.
18
What is the greatest common divisor of 2864 and 343024144?
2864
What is the greatest common factor of 32276088 and 150?
6
What is the greatest common factor of 20482310 and 10?
10
What is the highest common divisor of 2092 and 88517227?
523
What is the greatest common divisor of 137 and 24558346?
137
Calculate the greatest common factor of 6 and 7636246.
2
What is the highest common divisor of 61157763 and 4653?
423
Calculate the greatest common factor of 86358 and 4371582.
2334
Calculate the greatest common divisor of 1483337 and 1708.
61
Calculate the highest common factor of 94462797 and 8866.
4433
What is the greatest common divisor of 30 and 157273005?
15
Calculate the greatest common factor of 993204580 and 40.
20
What is the greatest common factor of 4335107 and 119?
7
Calculate the highest common divisor of 39083 and 53389677.
2299
What is the greatest common factor of 133476875 and 21875?
4375
What is the highest common factor of 9605 and 34063070?
85
What is the highest common divisor of 191737051 and 2309?
2309
What is the greatest common divisor of 306342 and 567?
81
Calculate the highest common factor of 2920 and 100440.
40
What is the greatest common factor of 2373 and 429686229?
2373
Calculate the highest common divisor of 10406 and 482306.
242
Calculate the highest common factor of 5918 and 65198606.
5918
Calculate the greatest common factor of 2420671 and 7183.
7183
Calculate the highest common divisor of 773310 and 346425.
2235
Calculate the greatest common factor of 11 and 7928503.
11
What is the highest common factor of 11259 and 801891?
1251
Calculate the greatest common divisor of 4564485 and 420.
15
Calculate the greatest common factor of 8547 and 1192695.
777
What is the highest common factor of 5286 and 28954946?
1762
What is the highest common divisor of 190282340 and 464?
116
What is the highest common divisor of 34260030 and 3?
3
What is the highest common divisor of 48528 and 1143?
9
What is the highest common divisor of 22883 and 942368?
49
What is the highest common divisor of 3208 and 246587331?
401
Calculate the greatest common factor of 17400788 and 92.
92
Calculate the greatest common divisor of 4452 and 795396.
84
What is the highest common divisor of 6716 and 212336?
92
Calculate the highest common divisor of 1064 and 32412898.
266
What is the greatest common factor of 2815907 and 25701?
659
Calculate the greatest common factor of 266333554 and 4.
2
What is the highest common divisor of 1005 and 153225315?
1005
What is the greatest common divisor of 3677 and 4861?
1
What is the greatest common factor of 319143 and 204402?
627
What is the greatest common factor of 75188440 and 9090?
1010
What is the greatest common divisor of 101065 and 3157410?
3485
What is the greatest common divisor of 2275953 and 25?
1
Calculate the highest common factor of 2034 and 12574414.
226
What is the greatest common factor of 423 and 9264687?
141
What is the greatest common factor of 8684 and 38867413?
2171
Calculate the greatest common factor of 5880 and 18864930.
210
Calculate the greatest common divisor of 336 and 5468358.
42
What is the greatest common factor of 6535 and 33910?
5
What is the greatest common factor of 8128 and 4246832?
16
Calculate the highest common divisor of 187697 and 12473036.
1037
Calculate the highest common divisor of 12470524 and 1584.
44
What is the highest common divisor of 2100 and 21425?
25
Calculate the greatest common factor of 363488 and 67932.
148
Calculate the highest common divisor of 2098493 and 2888.
361
Calculate the greatest common factor of 56065518 and 16947.
2421
What is the highest common factor of 152295 and 184470?
2145
Calculate the highest common factor of 20985280 and 1600.
320
What is the greatest common factor of 5786856 and 544872?
1752
Calculate the highest common divisor of 230 and 36419534.
46
What is the highest common divisor of 3600 and 5614800?
1200
Calculate the highest common divisor of 715 and 6206395.
65
Calculate the greatest common factor of 14126215 and 323.
19
Calculate the highest common divisor of 747095661 and 14313.
14313
What is the greatest common divisor of 5 and 15272705?
5
What is the greatest common factor of 3252 and 111360?
12
Calculate the highest common divisor of 138500136 and 96.
24
What is the greatest common divisor of 660 and 1166816970?
330
What is the highest common divisor of 36800 and 277568?
64
What is the greatest common divisor of 261 and 21297368?
29
Calculate the highest common divisor of 18562 and 15030.
2
What is the greatest common factor of 2933059 and 469?
67
Calculate the highest common factor of 15367 and 21538.
121
What is the highest common factor of 7874835 and 45?
15
Calculate the greatest common factor of 54205727 and 116.
29
What is the highest common divisor of 35914970 and 2135?
2135
Calculate the highest common divisor of 14782796 and 14.
14
Calculate the highest common divisor of 55 and 102000965.
55
What is the highest common divisor of 1596 and 57357713?
133
What is the greatest common factor of 4149 and 573957?
9
Calculate the greatest common divisor of 14820 and 220297818.
1482
Calculate the highest common factor of 228 and 131192606.
38
What is the highest common divisor of 48 and 39825624?
24
What is the highest common factor of 44793 and 21384?
81
Calculate the greatest common divisor of 119 and 8651623.
17
What is the greatest common divisor of 465 and 1336100?
155
What is the greatest common factor of 1614365 and 2135?
305
What is the greatest common divisor of 33647276 and 527?
31
What is the highest common divisor of 15742684 and 19318?
1486
Calculate the highest common factor of 5100 and 33735.
15
What is the highest common factor of 28 and 180264056?
28
Calculate the highest common factor of 718 and 2299002613.
359
What is the greatest common factor of 18455213 and 1383?
461
Calculate the greatest common factor of 286720 and 198400.
1280
What is the highest common divisor of 144571 and 185134579?
7609
Calculate the greatest common divisor of 240752142 and 1566.
1566
What is the highest common factor of 14352 and 4247646?
78
What is the highest common divisor of 510 and 26455650?
30
Calculate the greatest co